{"id":49945,"date":"2021-02-02T15:39:33","date_gmt":"2021-02-02T14:39:33","guid":{"rendered":"http:\/\/zenshiatsu30.fr\/?page_id=49945"},"modified":"2021-02-03T20:56:10","modified_gmt":"2021-02-03T19:56:10","slug":"mentions-legales","status":"publish","type":"page","link":"https:\/\/zenshiatsu30.fr\/index.php\/mentions-legales\/","title":{"rendered":"Mentions L\u00e9gales"},"content":{"rendered":"<p>[et_pb_section fb_built=&#8221;1&#8243; _builder_version=&#8221;4.6.6&#8243; background_color=&#8221;#004d33&#8243; custom_padding=&#8221;80px||80px||true|false&#8221;][et_pb_row column_structure=&#8221;1_3,2_3&#8243; _builder_version=&#8221;4.6.6&#8243; custom_padding=&#8221;|0px||0px|false|false&#8221; animation_style=&#8221;slide&#8221; animation_direction=&#8221;bottom&#8221;][et_pb_column type=&#8221;1_3&#8243; _builder_version=&#8221;3.25&#8243; custom_padding=&#8221;|||&#8221; custom_padding__hover=&#8221;|||&#8221;][et_pb_text _builder_version=&#8221;4.6.6&#8243; text_font=&#8221;Poppins|300|||||||&#8221; text_text_color=&#8221;#d9d7bd&#8221; text_font_size=&#8221;15px&#8221; text_line_height=&#8221;1.8em&#8221; header_font=&#8221;Old Standard TT|600||on|||||&#8221; header_text_color=&#8221;#d9d7bd&#8221; header_font_size=&#8221;40px&#8221; header_line_height=&#8221;1.3em&#8221; header_font_size_tablet=&#8221;&#8221; header_font_size_phone=&#8221;25px&#8221; header_font_size_last_edited=&#8221;on|desktop&#8221;]<\/p>\n<h1>Mentions l\u00e9gales<\/h1>\n<p>[\/et_pb_text][et_pb_image src=&#8221;http:\/\/zenshiatsu30.fr\/wp-content\/uploads\/2021\/02\/separateur-beige.png&#8221; title_text=&#8221;separateur-beige&#8221; _builder_version=&#8221;4.6.6&#8243; _module_preset=&#8221;default&#8221; width=&#8221;200px&#8221;][\/et_pb_image][\/et_pb_column][et_pb_column type=&#8221;2_3&#8243; _builder_version=&#8221;3.25&#8243; custom_padding=&#8221;|||&#8221; custom_padding__hover=&#8221;|||&#8221;][et_pb_text admin_label=&#8221;1&#8243; _builder_version=&#8221;4.6.6&#8243; text_font=&#8221;Poppins|300|||||||&#8221; text_text_color=&#8221;#d9d7bd&#8221; text_font_size=&#8221;15px&#8221; text_line_height=&#8221;1.8em&#8221; header_font=&#8221;Old Standard TT|600||on|||||&#8221; header_text_color=&#8221;#d9d7bd&#8221; header_font_size=&#8221;40px&#8221; header_line_height=&#8221;1.3em&#8221; header_4_font=&#8221;Old Standard TT||||||||&#8221; header_4_text_color=&#8221;#ffffff&#8221; header_4_line_height=&#8221;1.5em&#8221; custom_margin=&#8221;||65px|||&#8221; animation_direction=&#8221;top&#8221; header_font_size_tablet=&#8221;&#8221; header_font_size_phone=&#8221;25px&#8221; header_font_size_last_edited=&#8221;on|desktop&#8221; locked=&#8221;off&#8221;]<\/p>\n<h4>1 &#8211; POUR LE RESPECT DES PROPRI\u00c9T\u00c9S INTELLECTUELLES ET DES DROITS D&#8217;AUTEURS<\/h4>\n<p class=\"text-justify\">Le pr\u00e9sent site est la propri\u00e9t\u00e9 de Sophie Dumas, Zenshiatsu30 :<br \/> <span>23, impasse d&#8217;Eckmuhl 30900 N\u00eemes<\/span><\/p>\n<p class=\"text-justify\">SIRET : 89241000200018 \/ APE : 86907<\/p>\n<p class=\"text-justify\">La r\u00e9servation du nom de domaine a \u00e9t\u00e9 effectu\u00e9e conform\u00e9ment aux dispositions en vigueur<br \/> Le site web est h\u00e9berg\u00e9 par la soci\u00e9t\u00e9 OVH.<br \/> Le site web a \u00e9t\u00e9 r\u00e9alis\u00e9 par <a href=\"http:\/\/www.laurentwild.com\">www.laurentwild.com<\/a><\/p>\n<div class=\"page--sep\"><\/div>\n<div class=\"page--sep\"><\/div>\n<h4>2 &#8211; PROPRI\u00c9T\u00c9 INTELLECTUELLE<\/h4>\n<p class=\"text-justify\">Le pr\u00e9sent site web ainsi que les divers \u00e9l\u00e9ments de son contenu textes, photographies, illustrations, logos, fichiers. Constituent une \u0153uvre prot\u00e9g\u00e9e en France par le Code de la Propri\u00e9t\u00e9 Intellectuelle, et \u00e0 l\u2019\u00e9tranger par les conventions internationales en vigueur sur le droit d\u2019auteur. La violation de l\u2019un des droits d\u2019auteur est un d\u00e9lit de contrefa\u00e7on comme mentionn\u00e9 dans l\u2019article L.335-2 du Code de la Propri\u00e9t\u00e9 Intellectuelle.<\/p>\n<div class=\"page--sep\"><\/div>\n<h4>3 &#8211; COPYRIGHT<\/h4>\n<p class=\"text-justify\">La consultation du site Internet www.zenshiatsu30.fr suppose l&#8217;acceptation sans r\u00e9serves des pr\u00e9sentes conditions d&#8217;utilisation. La reproduction de tout ou partie de ce site sur un support \u00e9lectronique quel qu\u2019il soit est formellement interdite, sauf autorisation du directeur de publication. La reproduction des textes de ce site sur support papier est autoris\u00e9e, \u00e0 des fins d\u2019information pour un usage strictement personnel et priv\u00e9 ou dans un cadre p\u00e9dagogique sous r\u00e9serve du respect des trois conditions suivantes : La diffusion doit \u00eatre gratuite. L\u2019int\u00e9grit\u00e9 des documents doit \u00eatre respect\u00e9e. Les auteurs et la source doivent \u00eatre explicitement cit\u00e9s. Les droits de reproduction sont r\u00e9serv\u00e9s et strictement limit\u00e9s.<\/p>\n<p>[\/et_pb_text][et_pb_button button_text=&#8221;Retour \u00e0 la page d&#8217;accueil&#8221; button_alignment=&#8221;left&#8221; _builder_version=&#8221;4.6.6&#8243; _module_preset=&#8221;default&#8221; custom_button=&#8221;on&#8221; button_text_size=&#8221;16px&#8221; button_border_radius=&#8221;0px&#8221; button_font=&#8221;Old Standard TT|||on|||||&#8221; hover_enabled=&#8221;0&#8243; button_url=&#8221;http:\/\/zenshiatsu30.fr&#8221; sticky_enabled=&#8221;0&#8243;][\/et_pb_button][\/et_pb_column][\/et_pb_row][\/et_pb_section]<\/p>\n","protected":false},"excerpt":{"rendered":"<p>Mentions l\u00e9gales1 &#8211; POUR LE RESPECT DES PROPRI\u00c9T\u00c9S INTELLECTUELLES ET DES DROITS D&#8217;AUTEURS Le pr\u00e9sent site est la propri\u00e9t\u00e9 de Sophie Dumas, Zenshiatsu30 : 23, impasse d&#8217;Eckmuhl 30900 N\u00eemes SIRET : 89241000200018 \/ APE : 86907 La r\u00e9servation du nom de domaine a \u00e9t\u00e9 effectu\u00e9e conform\u00e9ment aux dispositions en vigueur Le site web est h\u00e9berg\u00e9 [&hellip;]<\/p>\n","protected":false},"author":1,"featured_media":0,"parent":0,"menu_order":0,"comment_status":"closed","ping_status":"closed","template":"","meta":{"_et_pb_use_builder":"on","_et_pb_old_content":"","_et_gb_content_width":""},"_links":{"self":[{"href":"https:\/\/zenshiatsu30.fr\/index.php\/wp-json\/wp\/v2\/pages\/49945"}],"collection":[{"href":"https:\/\/zenshiatsu30.fr\/index.php\/wp-json\/wp\/v2\/pages"}],"about":[{"href":"https:\/\/zenshiatsu30.fr\/index.php\/wp-json\/wp\/v2\/types\/page"}],"author":[{"embeddable":true,"href":"https:\/\/zenshiatsu30.fr\/index.php\/wp-json\/wp\/v2\/users\/1"}],"replies":[{"embeddable":true,"href":"https:\/\/zenshiatsu30.fr\/index.php\/wp-json\/wp\/v2\/comments?post=49945"}],"version-history":[{"count":7,"href":"https:\/\/zenshiatsu30.fr\/index.php\/wp-json\/wp\/v2\/pages\/49945\/revisions"}],"predecessor-version":[{"id":49967,"href":"https:\/\/zenshiatsu30.fr\/index.php\/wp-json\/wp\/v2\/pages\/49945\/revisions\/49967"}],"wp:attachment":[{"href":"https:\/\/zenshiatsu30.fr\/index.php\/wp-json\/wp\/v2\/media?parent=49945"}],"curies":[{"name":"wp","href":"https:\/\/api.w.org\/{rel}","templated":true}]}}